{"id":12,"date":"2016-11-07T04:06:54","date_gmt":"2016-11-07T04:06:54","guid":{"rendered":"https:\/\/diariodomeupet.com.br\/?page_id=12"},"modified":"2023-01-24T21:08:14","modified_gmt":"2023-01-25T00:08:14","slug":"contact","status":"publish","type":"page","link":"https:\/\/diariodomeupet.com.br\/?page_id=12","title":{"rendered":"Contato"},"content":{"rendered":"<p><div class=\"fusion-fullwidth fullwidth-box hundred-percent-fullwidth non-hundred-percent-height-scrolling\"  style='background-color: rgba(255,255,255,0);background-position: center center;background-repeat: no-repeat;padding-top:0px;padding-bottom:0px;margin-top: 0px;'><div class=\"fusion-builder-row fusion-row \"><div  class=\"fusion-layout-column fusion_builder_column fusion_builder_column_1_1 fusion-builder-column-1 fusion-one-full fusion-column-first fusion-column-last 1_1\"  style='margin-top:-60px;margin-bottom:40px;'>\n\t\t\t\t\t<div class=\"fusion-column-wrapper\" style=\"padding: 0px 0px 0px 0px;background-position:left top;background-repeat:no-repeat;-webkit-background-size:cover;-moz-background-size:cover;-o-background-size:cover;background-size:cover;\"   data-bg-url=\"\">\n\t\t\t\t\t\t<div class=\"fusion-section-separator section-separator rounded-split rounded-split-separator\" style=\"margin-left:-0px;margin-right:-0px;\"><div class=\"rounded-split bottom\" style=\"background-color:#f5f5f5;\"><\/div><\/div><div class=\"fusion-clearfix\"><\/div>\n\n\t\t\t\t\t<\/div>\n\t\t\t\t<\/div><\/div><\/div><div class=\"fusion-fullwidth fullwidth-box nonhundred-percent-fullwidth non-hundred-percent-height-scrolling fusion-equal-height-columns\"  style='background-color: rgba(255,255,255,0);background-position: center center;background-repeat: no-repeat;padding-right:0px;padding-bottom:60px;padding-left:0px;margin-bottom: 2%;margin-top: 5%;'><div class=\"fusion-builder-row fusion-row \"><div  class=\"fusion-layout-column fusion_builder_column fusion_builder_column_1_2 fusion-builder-column-2 fusion-one-half fusion-column-first 1_2\"  style='margin-top:0px;margin-bottom:40px;width:50%;width:calc(50% - ( ( 8% ) * 0.5 ) );margin-right: 8%;'>\n\t\t\t\t\t<div class=\"fusion-column-wrapper\" style=\"padding: 0px 0px 0px 0px;background-position:left top;background-repeat:no-repeat;-webkit-background-size:cover;-moz-background-size:cover;-o-background-size:cover;background-size:cover;\"   data-bg-url=\"\">\n\t\t\t\t\t\t<div class=\"fusion-text\"><h3>Envie uma mensagem para a gente<\/h3>\n<\/div><div class=\"fusion-text\"><p>Preencha o formul\u00e1rio a baixo que a nossa equipe ir\u00e1 retornar o seu contato o mais breve poss\u00edvel.<\/p>\n<\/div><div class=\"fusion-sep-clear\"><\/div><div class=\"fusion-separator fusion-full-width-sep sep-none\" style=\"margin-left: auto;margin-right: auto;margin-top:30px;\"><\/div><div class=\"fusion-text\"><p class=\"wpcf7-contact-form-not-found\"><strong>Erro:<\/strong> Formul\u00e1rio de contato n\u00e3o encontrado.<\/p>\n<\/div><div class=\"fusion-clearfix\"><\/div>\n\n\t\t\t\t\t<\/div>\n\t\t\t\t<\/div><div  class=\"fusion-layout-column fusion_builder_column fusion_builder_column_1_2 fusion-builder-column-3 fusion-one-half fusion-column-last 1_2\"  style='margin-top:0px;margin-bottom:40px;width:50%;width:calc(50% - ( ( 8% ) * 0.5 ) );'>\n\t\t\t\t\t<div class=\"fusion-column-wrapper\" style=\"padding: 0px 0px 0px 0px;background-position:left top;background-repeat:no-repeat;-webkit-background-size:cover;-moz-background-size:cover;-o-background-size:cover;background-size:cover;\"   data-bg-url=\"\">\n\t\t\t\t\t\t<div class=\"fusion-text\"><h3>Informa\u00e7\u00f5es de contato<\/h3>\n<\/div><div class=\"fusion-sep-clear\"><\/div><div class=\"fusion-separator fusion-full-width-sep sep-none\" style=\"margin-left: auto;margin-right: auto;margin-top:5px;\"><\/div><div class=\"fusion-builder-row fusion-builder-row-inner fusion-row \"><div  class=\"fusion-layout-column fusion_builder_column fusion_builder_column_1_5  fusion-one-fifth fusion-column-first fusion-no-small-visibility 1_5\"  style='margin-top: 0px;margin-bottom: 0px;width:20%;width:calc(20% - ( ( 0 ) * 0.2 ) );margin-right:0px;'><div class=\"fusion-column-wrapper\" style=\"background-color:#3ec492;padding: 20px 20px 30px 20px;background-position:left top;background-repeat:no-repeat;-webkit-background-size:cover;-moz-background-size:cover;-o-background-size:cover;background-size:cover;\"  data-bg-url=\"\"><div class=\"fusion-fa-align-center\"><i class=\"fontawesome-icon fa fa-volume-control-phone circle-yes\" style=\"border-color:rgba(61,67,76,0);background-color:rgba(61,67,76,0);font-size:39.6px;line-height:79.2px;height:79.2px;width:79.2px;color:#ffffff;\"><\/i><\/div><\/div><\/div><div  class=\"fusion-layout-column fusion_builder_column fusion_builder_column_4_5  fusion-four-fifth fusion-column-last 4_5\"  style='margin-top: 0px;margin-bottom: 0px;width:80%;width:calc(80% - ( ( 0 ) * 0.8 ) );'><div class=\"fusion-column-wrapper\" style=\"background-color:#3ec492;padding: 25px 20px 40px 20px;background-position:left top;background-repeat:no-repeat;-webkit-background-size:cover;-moz-background-size:cover;-o-background-size:cover;background-size:cover;\"  data-bg-url=\"\"><div class=\"fusion-text\"><p style=\"color: #fff; margin-bottom: 0;\">Telefone de contato<\/p>\n<\/div><div class=\"fusion-text\"><p style=\"font-size: 37px; line-height: 41px; margin-bottom: 0;\"><a style=\"color: #fff;\" href=\"https:\/\/api.whatsapp.com\/send?phone=5511975675913&#038;text=Vi%20isto%20no%20site%20diariodomeupet.com.br\">(11) 97567-5913<\/a><\/p>\n<\/div><\/div><\/div><\/div><div class=\"fusion-builder-row fusion-builder-row-inner fusion-row \"><div  class=\"fusion-layout-column fusion_builder_column fusion_builder_column_1_5  fusion-one-fifth fusion-column-first fusion-no-small-visibility 1_5\"  style='margin-top: 0px;margin-bottom: 0px;width:20%;width:calc(20% - ( ( 0 ) * 0.2 ) );margin-right:0px;'><div class=\"fusion-column-wrapper\" style=\"background-color:#3d434c;padding: 20px 20px 30px 20px;background-position:left top;background-repeat:no-repeat;-webkit-background-size:cover;-moz-background-size:cover;-o-background-size:cover;background-size:cover;\"  data-bg-url=\"\"><div class=\"fusion-fa-align-center\"><i class=\"fontawesome-icon fa fa-envelope-o circle-yes\" style=\"border-color:rgba(61,67,76,0);background-color:rgba(61,67,76,0);font-size:39.6px;line-height:79.2px;height:79.2px;width:79.2px;color:#3ec492;\"><\/i><\/div><\/div><\/div><div  class=\"fusion-layout-column fusion_builder_column fusion_builder_column_4_5  fusion-four-fifth fusion-column-last 4_5\"  style='margin-top: 0px;margin-bottom: 0px;width:80%;width:calc(80% - ( ( 0 ) * 0.8 ) );'><div class=\"fusion-column-wrapper\" style=\"background-color:#3d434c;padding: 25px 20px 40px 20px;background-position:left top;background-repeat:no-repeat;-webkit-background-size:cover;-moz-background-size:cover;-o-background-size:cover;background-size:cover;\"  data-bg-url=\"\"><div class=\"fusion-text\"><p style=\"color: #fff; margin-bottom: 0;\">Email de contato<\/p>\n<\/div><div class=\"fusion-text\"><p style=\"font-size: 37px; line-height: 41px; margin-bottom: 0;\"><a style=\"color: #ffffff; font-size: 19px;\" href=\"mailto:contato@diariodomeupet.com.br\" data-fusion-font=\"true\">contato@diariodomeupet.com.br<\/a><\/p>\n<\/div><\/div><\/div><\/div><div class=\"fusion-builder-row fusion-builder-row-inner fusion-row \"><div  class=\"fusion-layout-column fusion_builder_column fusion_builder_column_1_5  fusion-one-fifth fusion-column-first fusion-no-small-visibility 1_5\"  style='margin-top: 0px;margin-bottom: 0px;width:20%;width:calc(20% - ( ( 0 ) * 0.2 ) );margin-right:0px;'><div class=\"fusion-column-wrapper\" style=\"background-color:#3d434c;padding: 20px 20px 30px 20px;background-position:left top;background-repeat:no-repeat;-webkit-background-size:cover;-moz-background-size:cover;-o-background-size:cover;background-size:cover;\"  data-bg-url=\"\"><div class=\"fusion-fa-align-center\"><i class=\"fontawesome-icon fa fa-map-marker circle-yes\" style=\"border-color:rgba(61,67,76,0);background-color:rgba(61,67,76,0);font-size:39.6px;line-height:79.2px;height:79.2px;width:79.2px;color:#3ec492;\"><\/i><\/div><\/div><\/div><div  class=\"fusion-layout-column fusion_builder_column fusion_builder_column_4_5  fusion-four-fifth fusion-column-last 4_5\"  style='margin-top: 0px;margin-bottom: 0px;width:80%;width:calc(80% - ( ( 0 ) * 0.8 ) );'><div class=\"fusion-column-wrapper\" style=\"background-color:#3ec492;padding: 25px 20px 40px 20px;background-position:left top;background-repeat:no-repeat;-webkit-background-size:cover;-moz-background-size:cover;-o-background-size:cover;background-size:cover;\"  data-bg-url=\"\"><div class=\"fusion-text\"><p style=\"color: #fff; margin-bottom: 0;\">Onde estamos<\/p>\n<\/div><div class=\"fusion-text\"><p style=\"font-size: 37px; line-height: 41px; margin-bottom: 0;\"><a style=\"color: #fff;\" href=\"https:\/\/www.google.com\/maps\/place\/Variedades+Brindes\/@-23.6024289,-46.9402651,17z\/data=!4m14!1m7!3m6!1s0x94cf07be52274785:0x94c55b184c5ddeeb!2sVariedades+Brindes!8m2!3d-23.6024289!4d-46.9380764!16s%2Fg%2F11qh8rl_k5!3m5!1s0x94cf07be52274785:0x94c55b184c5ddeeb!8m2!3d-23.6024289!4d-46.9380764!16s%2Fg%2F11qh8rl_k5\">Cotia &#8211; S\u00e3o Paulo<\/a><\/p>\n<\/div><\/div><\/div><\/div><div class=\"fusion-clearfix\"><\/div>\n\n\t\t\t\t\t<\/div>\n\t\t\t\t<\/div><\/div><\/div><div class=\"fusion-fullwidth fullwidth-box nonhundred-percent-fullwidth non-hundred-percent-height-scrolling fusion-equal-height-columns\"  style='background-color: #3ec492;background-position: center center;background-repeat: no-repeat;padding-top:60px;padding-right:0px;padding-bottom:70px;padding-left:0px;'><div class=\"fusion-builder-row fusion-row \"><div  class=\"fusion-layout-column fusion_builder_column fusion_builder_column_2_3 fusion-builder-column-4 fusion-two-third fusion-column-first 2_3\"  style='margin-top:0px;margin-bottom:0px;width:66.66%;width:calc(66.66% - ( ( 4% ) * 0.6666 ) );margin-right: 4%;'>\n\t\t\t\t\t<div class=\"fusion-column-wrapper\" style=\"padding: 0px 0px 0px 0px;background-position:left top;background-repeat:no-repeat;-webkit-background-size:cover;-moz-background-size:cover;-o-background-size:cover;background-size:cover;\"   data-bg-url=\"\">\n\t\t\t\t\t\t<div class=\"fusion-column-content-centered\"><div class=\"fusion-column-content\"><div class=\"fusion-text\"><h3 style=\"color: #ffffff; margin: 0px; text-align: center;\">Caso tenha alguma d\u00favida sobre os nossos produtos fale com a gente<\/h3>\n<\/div><\/div><\/div><div class=\"fusion-clearfix\"><\/div>\n\n\t\t\t\t\t<\/div>\n\t\t\t\t<\/div><div  class=\"fusion-layout-column fusion_builder_column fusion_builder_column_1_3 fusion-builder-column-5 fusion-one-third fusion-column-last 1_3\"  style='margin-top:0px;margin-bottom:0px;width:33.33%;width:calc(33.33% - ( ( 4% ) * 0.3333 ) );'>\n\t\t\t\t\t<div class=\"fusion-column-wrapper\" style=\"padding: 0px 0px 0px 0px;background-position:left top;background-repeat:no-repeat;-webkit-background-size:cover;-moz-background-size:cover;-o-background-size:cover;background-size:cover;\"   data-bg-url=\"\">\n\t\t\t\t\t\t<div class=\"fusion-column-content-centered\"><div class=\"fusion-column-content\"><div class=\"fusion-button-wrapper fusion-aligncenter\"><style type=\"text\/css\">.fusion-button.button-1 .fusion-button-text, .fusion-button.button-1 i {color:#3d434c;}.fusion-button.button-1 .fusion-button-icon-divider{border-color:#3d434c;}.fusion-button.button-1:hover .fusion-button-text, .fusion-button.button-1:hover i,.fusion-button.button-1:focus .fusion-button-text, .fusion-button.button-1:focus i,.fusion-button.button-1:active .fusion-button-text, .fusion-button.button-1:active{color:#ffffff;}.fusion-button.button-1:hover .fusion-button-icon-divider, .fusion-button.button-1:hover .fusion-button-icon-divider, .fusion-button.button-1:active .fusion-button-icon-divider{border-color:#ffffff;}.fusion-button.button-1:hover, .fusion-button.button-1:focus, .fusion-button.button-1:active{border-color:#3d434c;border-width:0px;}.fusion-button.button-1 {border-color:#3d434c;border-width:0px;}.fusion-button.button-1{background: #ffffff;}.fusion-button.button-1:hover,.button-1:focus,.fusion-button.button-1:active{background: #3d434c;}<\/style><a class=\"fusion-button button-flat fusion-button-default-shape button-xlarge button-custom button-1 fusion-button-default-span fusion-button-default-type\" target=\"_self\" href=\"mail:contato@diariodomeupet.kotymarketing.com\"><span class=\"fusion-button-text\">Contato<\/span><\/a><\/div><\/div><\/div><div class=\"fusion-clearfix\"><\/div>\n\n\t\t\t\t\t<\/div>\n\t\t\t\t<\/div><\/div><\/div><\/p>\n","protected":false},"excerpt":{"rendered":"","protected":false},"author":5,"featured_media":0,"parent":0,"menu_order":0,"comment_status":"closed","ping_status":"closed","template":"100-width.php","meta":{"footnotes":""},"class_list":["post-12","page","type-page","status-publish","hentry"],"_links":{"self":[{"href":"https:\/\/diariodomeupet.com.br\/index.php?rest_route=\/wp\/v2\/pages\/12","targetHints":{"allow":["GET"]}}],"collection":[{"href":"https:\/\/diariodomeupet.com.br\/index.php?rest_route=\/wp\/v2\/pages"}],"about":[{"href":"https:\/\/diariodomeupet.com.br\/index.php?rest_route=\/wp\/v2\/types\/page"}],"author":[{"embeddable":true,"href":"https:\/\/diariodomeupet.com.br\/index.php?rest_route=\/wp\/v2\/users\/5"}],"replies":[{"embeddable":true,"href":"https:\/\/diariodomeupet.com.br\/index.php?rest_route=%2Fwp%2Fv2%2Fcomments&post=12"}],"version-history":[{"count":16,"href":"https:\/\/diariodomeupet.com.br\/index.php?rest_route=\/wp\/v2\/pages\/12\/revisions"}],"predecessor-version":[{"id":1407,"href":"https:\/\/diariodomeupet.com.br\/index.php?rest_route=\/wp\/v2\/pages\/12\/revisions\/1407"}],"wp:attachment":[{"href":"https:\/\/diariodomeupet.com.br\/index.php?rest_route=%2Fwp%2Fv2%2Fmedia&parent=12"}],"curies":[{"name":"wp","href":"https:\/\/api.w.org\/{rel}","templated":true}]}}